60*b + 160. Suppose 26*y - 36*y = -b. Calculate the remainder when 10 is divided by y.
2
Let q(d) = 2*d**2 + 7*d - 3. Let m be q(-6). Let z = m + -8. What is the remainder when 63 + (-10 - 3 - -5) is divided by z?
17
Let b = -20287 + 20615. Calculate the remainder when 712 is divided by b.
56
Suppose 6*x - 60 = x. Let u = -252 - -256. Suppose 5*l + 10 = 0, -2*y + u*l = -5*y + 133. Calculate the remainder when y is divided by x.
11
Suppose 2*z + 3*c - 51 = 0, 0 = -z - 2*z + 3*c + 99. Calculate the remainder when 13227 is divided by z.
27
Let j(w) = -w**3 - 8*w**2 - 12*w - 4. What is the remainder when 615 is divided by j(-7)?
26
Let h = -2 + 7. Suppose 3*j - 5*c = 6*j - 142, 5*c + 290 = h*j. Suppose 58*k = j*k + 112. Calculate the remainder when 55 is divided by k.
27
Let x = -55 - -52. Let b = 90 + -74. Calculate the remainder when b is divided by 180/24*(-2)/x.
1
Let v = -34 - -16. Let c = v + 22. Suppose c*i + i = 2*u + 3, u - 2*i = 0. What is the remainder when 113 is divided by u?
5
Let h(o) = o**3 + 9*o**2 + 4*o - 9. Calculate the remainder when h(-7) is divided by 15 + (2 - 3)/((-25)/3150*14).
13
Suppose 32*k - 5746 + 3922 = 0. Calculate the remainder when 497 is divided by k.
41
Suppose -1212*i + 1080 = -1197*i. Calculate the remainder when i is divided by 10.
2
Let n = -59 - -175. Let h = -123 - -48. Let a = h + n. Calculate the remainder when 120 is divided by a.
38
Let g = 13 - -9. What is the remainder when 1*-4 + (90 - (14 + -15) - 1) is divided by g?
20
Let g(k) = 2*k**3 + 9*k**2 - 13*k - 7. Let n be g(-5). Suppose 4*t + 53 = n. What is the remainder when (0 + -22)*t/2 is divided by 14?
13
Let w = -55 + 113. Let g = w - 50. Let y = 56 + -36. Calculate the remainder when y is divided by g.
4
What is the remainder when 1698/(-63)*(-87 + -24) - (-2)/7 is divided by 73?
72
Suppose -n = -3*n + 195 - 85. What is the remainder when 266 is divided by n?
46
Let j = -150 + 168. Let h be (-4)/(-10)*9040/8. Suppose -h = -6*r + 70. Calculate the remainder when r is divided by j.
15
Let u(r) = r**2 - 2. Let o(f) = 4*f**2 + 23*f - 2. Let k(z) = o(z) - 3*u(z). What is the remainder when 30 is divided by k(-23)?
2
What is the remainder when (-340 + 160)*(0 - -1)*-1 is divided by 153?
27
Suppose 0 = 4*d - 3*x - 660 - 576, 0 = 4*d + 4*x - 1236. Suppose -n + 3*j + 103 = -2*j, -d = -3*n - 2*j. Calculate the remainder when n is divided by 26.
25
Let m(j) = 2*j**2 - 13*j - 19. Let y be m(8). Suppose -302 = -3*w + 4*h, 0*h - 465 = -y*w - h. What is the remainder when w is divided by 19?
18
Suppose 11*r + 3*r = 301 + 259. Calculate the remainder when (-4)/((-16)/(-242))*(-4 - -2) is divided by r.
1
Let j(f) = -13*f - 1. Suppose -4*d = 3*q - 60, 4*d + 77 + 3 = 4*q. Suppose 5*g + q = 0, 7*x - 3*g - 142 = 2*x. What is the remainder when j(-4) is divided by x?
25
Calculate the remainder when (-148)/(9*(-22)/10197) is divided by 123.
119
Suppose -5*r - 3*p + 561 = 0, -2*p - 120 = -135*r + 134*r. What is the remainder when 253 is divided by r?
25
Suppose 397*l - 402*l + 685 = 0. Suppose -5*c + l = -38. What is the remainder when c is divided by 6?
5
Suppose -5*x + 6*z - 9*z = -144, 6*x - 3*z = 219. Let n = 61 + -1. Calculate the remainder when n is divided by x.
27
Suppose 0 = -16*k + 1052 + 516. Suppose 29 = 2*r + 9. Calculate the remainder when k is divided by r.
8
Calculate the remainder when 330 is divided by (-30)/40*1 + ((-494)/(-8) - -3).
10
Suppose -2*o + 1955 = 3*n + 687, -5*o + 2*n + 3132 = 0. What is the remainder when o is divided by 15?
13
Let p(f) = f**2 - 5*f - 9. Let u be p(7). Let j(m) = -35*m - 3. Let i be j(-1). Suppose -i = u*l - 7*l. Calculate the remainder when 77 is divided by l.
13
Let p = -284 + 440. Let m = p + -152. What is the remainder when 78 is divided by m?
2
Let z be 4/(16/12) - -82. Let p = z + -76. What is the remainder when 61 is divided by p?
7
Let g = 35372 - 35330. Calculate the remainder when 11042 is divided by g.
38
Calculate the remainder when ((-1098)/21)/((-783)/12789) is divided by 157.
69
Let s = -59 - -89. What is the remainder when (117 - -4) + 5*27/(-45) is divided by s?
28
Let s = -2272 + 2838. Calculate the remainder when s is divided by 84.
62
Let b(z) = 8*z**2 - 3*z + 51. Let j be (2 + -2)*(-16)/(-32). Calculate the remainder when 812 is divided by b(j).
47
Let d(j) = 48*j - 3522. What is the remainder when 6/((-96)/(-455) + (-4)/26) is divided by d(74)?
15
Suppose -p - 1464 = -t, -147*p + 144*p = -2*t + 2924. Calculate the remainder when t is divided by 15.
13
Let m = -4640 + 5674. Calculate the remainder when m is divided by 52.
46
What is the remainder when 2 + (-2 - -2) - 6*5608/(-16) is divided by 78?
77
Suppose -l + 4 = v - 4, -l - 4 = -3*v. Suppose 4*x - 276 = 4*p - 36, -x = -v*p - 58. Calculate the remainder when x is divided by (4 + -2)*39/6.
9
Let s = 188 - 144. Suppose -3*m - 17 = -s. What is the remainder when 223 is divided by m?
7
Let m be -1 + 8 - (-20)/5. Let r be (1 + (4 - m))/(-2). Suppose k - 178 = -5*c, -r*k + 2*c + 365 = -118. What is the remainder when k is divided by 41?
40
Let b = 433 + -179. Let s = -219 + b. What is the remainder when s is divided by 6?
5
Let h(w) = w**3 - 47*w**2 + 107*w - 669. What is the remainder when 684 is divided by h(45)?
12
Suppose -3386*g = -3412*g - 65 + 325. What is the remainder when (-10)/(-4)*276/10 is divided by g?
9
Suppose 2 = 3*g - 4. Suppose -30 = -g*n + 3*z, -z = -2*n - 3*n + 88. Suppose 0 = -13*t - 2 + 678. Calculate the remainder when t is divided by n.
16
Suppose 0 = -2*p + 3*p - 16. Let c(u) = -19 - 12 - 14 - p + 9*u. Calculate the remainder when 232 is divided by c(12).
44
Let f(k) be the third derivative of 13*k**4/12 - 43*k**3/3 + 44*k**2 - 2*k. Calculate the remainder when f(5) is divided by 21.
2
Let y(m) = -m**2 - 26*m + 35. Let x(l) = -15*l - 8. Suppose 7 - 19 = 3*f. What is the remainder when x(f) is divided by y(-27)?
4
Let i(h) = -36*h + 73. Let n be i(2). What is the remainder when ((66/(-18))/11)/(n/(-1587)) is divided by 28?
25
Let l(a) = -a**2 + 61*a - 122. What is the remainder when l(40) is divided by 8?
6
Suppose -6 = 5*m - 8*m. Suppose m*f + 4*u = 8, -6*f + 2*f + 4*u = 20. Let n(r) = 7*r**2 + 2*r - 3. Calculate the remainder when n(f) is divided by 8.
5
Let m(x) = 14*x**2 + 3*x + 1. Let q(a) = 2*a**3 + 29*a**2 + 13*a - 16. Let y be q(-14). Calculate the remainder when m(y) is divided by 20.
11
Suppose 3*a - 976 = -0*s + 5*s, -1648 = -5*a + 3*s. Suppose -2082 = -35*t - a. Calculate the remainder when t is divided by 31.
19
Let i = 19 + 30. Let y(v) = 11*v - 6. Let a be y(2). Suppose -26 = a*r - 18*r. Calculate the remainder when i is divided by r.
10
Let z = -57 + 56. Let i = 17 - z. Suppose -17*a + 15*a + i = 0. Calculate the remainder when 23 is divided by a.
5
Let q = -3 + 7. Let g = 43 - q. Let o = -17 + g. Calculate the remainder when 64 is divided by o.
20
Suppose 4*q = 5*d - 25435, q - 6*d + d + 6370 = 0. What is the remainder when 0 + (2 - -2) - q/31 is divided by 30?
29
Suppose 5*w = -12 + 57. What is the remainder when 1761 is divided by w?
6
Let w = 20353 + -20229. Let v be (4/6)/((-2)/(-636)). Calculate the remainder when w is divided by v/5 - (-2)/(-5).
40
Suppose 4*j - 788 = 3*i, -222*j + 221*j + i = -197. What is the remainder when j is divided by 10?
7
Suppose -3*h = 3*q - 69, 25*h - 4*q = 22*h + 34. Suppose 3*y - 5*t = 2, -4*t = t - 25. Let z(o) = 6*o + 10. What is the remainder when z(y) is divided by h?
10
Let t = -56 - -59. Let n be 224/t - 3/(-9). Let m = 86 - n. Calculate the remainder when 164 is divided by m.
10
Let k = -28263 + 28351. Calculate the remainder when 8793 is divided by k.
81
Suppose 3*h - 2*x = 64, 5*h + 4 = -x + 89. What is the remainder when 6623 is divided by h?
17
Suppose -6*t - 236 = -3476. Suppose 265 + t = 7*q. Calculate the remainder when q is divided by 34.
13
Suppose -4*s + 2*l + 3 = -17, 2*s = -l + 2. Suppose 3*c - 22 = 3*d - 1, 5*d = 3*c - 45. Calculate the remainder when 29 is divided by (d - s/(-3))/(-1).
7
Let n(z) be the second derivative of z**4/6 + z**3/6 - 3*z**2/2 - z - 722. Let k(t) = t + 1. Let a be k(-5). Calculate the remainder when 97 is divided by n(a).
22
Let c(r) = 21*r + 14. Let w be c(-7). Let x = -53 - w. Suppose -2*n - x = -7*n. Calculate the remainde